
-4
Let f(i) = -2*i**2 - 11230*i + 112506. Give f(10).
6
Let p(d) = -183422*d - 183384. Determine p(-1).
38
Let a(k) = 2*k**2 + 272*k - 3909. Calculate a(13).
-35
Let w(i) = 3145*i + 137565. Determine w(-44).
-815
Let r(z) = -2*z**2 - 613*z - 9818. Give r(-17).
25
Let z(k) = 2*k**3 + 273*k**2 + 7432*k + 674. What is z(-99)?
-19
Let c(g) = -2*g**3 + 65*g**2 + 111*g + 87. Calculate c(34).
393
Let w(k) = 11847*k + 343587. What is w(-29)?
24
Let c(g) = -308*g - 5219. Give c(-17).
17
Let b(w) = -3*w**3 + 8*w**2 + 84*w + 420. Determine b(-6).
852
Let n(d) = -d**2 + 7*d + 34. What is n(22)?
-296
Let o(k) = 289*k + 24272. Calculate o(-84).
-4
Let o(b) = -2*b**3 + 167*b**2 - 90*b + 218. Give o(83).
-363
Let o(n) = 47*n + 514. Calculate o(-6).
232
Let z(n) = -n**2 + 3241111*n + 29170091. What is z(-9)?
11
Let m(j) = 51*j**2 - 3063*j + 244. Determine m(60).
64
Let n(h) = 3*h**2 + 178*h + 2498. What is n(-38)?
66
Let d(z) = -180213*z - 360430. Calculate d(-2).
-4
Let y(h) = -h**2 + 30*h - 29. Determine y(-14).
-645
Let u(j) = 1204*j + 54039. Calculate u(-45).
-141
Let j(x) = 9594*x - 249441. What is j(26)?
3
Let x(o) = o**3 - 60*o**2 + 263*o + 80. What is x(5)?
20
Let m(i) = -i**3 + 507*i**2 - 37516*i - 5834. Give m(417).
4
Let b(f) = -191111*f - 15671098. Give b(-82).
4
Let k(l) = -10*l**2 - 70*l + 329. Give k(-11).
-111
Let i(x) = 2*x**3 - 736*x**2 + 752*x - 6604. What is i(367)?
2
Let a(f) = -5496*f + 648552. Determine a(118).
24
Let h(l) = l**3 - 8*l**2 - 626*l + 1281. What is h(2)?
5
Let l(b) = -43*b**3 - 3*b**2 + 129*b - 241. Give l(2).
-339
Let m(j) = -j**3 + 69*j**2 - 140*j + 1058. Give m(67).
656
Let n(r) = -11*r**2 - 274*r - 18. Give n(-25).
-43
Let l(n) = -n**2 + 357*n - 26771. What is l(107)?
-21
Let h(c) = c**2 - 175*c - 54949. What is h(-163)?
145
Let x(n) = n**3 - 90*n**2 + 263*n + 26482. Give x(83).
88
Let q(k) = -k**2 + 2688*k - 1756624. What is q(1121)?
-17
Let l(h) = 24771*h - 1882587. What is l(76)?
9
Let w(u) = 407*u + 6475. Calculate w(-17).
-444
Let d(i) = 567*i + 56063. What is d(-99)?
-70
Let q(u) = 4363*u - 21848. What is q(5)?
-33
Let w(q) = -657*q + 11482. Give w(26).
-5600
Let d(f) = f**2 + 2358*f - 473156. Give d(186).
28
Let j(q) = -4*q**2 - 108*q - 798. What is j(-20)?
-238
Let y(z) = -3175*z - 284. Give y(0).
-284
Let m(h) = h**3 - 194*h**2 + 622*h - 9396. Determine m(191).
-37
Let h(w) = -3*w**3 - 773*w**2 - 5370*w + 165. Calculate h(-7).
907
Let j(h) = -144*h - 35702. Determine j(-249).
154
Let z(a) = 215*a - 38818. Calculate z(179).
-333
Let q(p) = -p**3 - 62*p**2 - 178*p - 347. Calculate q(-59).
-288
Let v(b) = -b**2 - 55*b + 1349. Calculate v(-77).
-345
Let x(s) = 27*s**3 - 22*s**2 + 14*s - 3. Calculate x(2).
153
Let b(p) = -3*p**3 - 21*p**2 + 98*p - 148. Calculate b(4).
-284
Let m(y) = 324*y**2 - 102710*y + 771. Determine m(317).
137
Let q(h) = -5*h**2 - 190*h - 198. Give q(-36).
162
Let l(w) = -26*w**2 - 2378*w - 11964. Determine l(-5).
-724
Let t(w) = 105*w**2 + 287*w - 37. Determine t(-3).
47
Let a(m) = -m**2 - 442*m - 1772. What is a(-4)?
-20
Let n(f) = -f**2 + 387*f + 86075. Determine n(-158).
-35
Let n(m) = -m**3 - 805*m**2 - 3216*m - 50. Determine n(-4).
-2
Let i(o) = -o**3 - 44*o**2 - 3*o + 365. What is i(-44)?
497
Let v(d) = 51*d**2 + 75645*d + 17801. Determine v(-1483).
5
Let n(v) = -v**3 - 23*v**2 - 83*v - 720. Give n(-9).
-1107
Let y(k) = -2362*k - 1642. Calculate y(-2).
3082
Let u(m) = -4*m**2 - 390*m + 183. Calculate u(-98).
-13
Let p(s) = -4*s**2 + 1983*s + 15887. What is p(-8)?
-233
Let a(w) = -5*w**3 + 94*w**2 - 143*w + 2114. Calculate a(18).
836
Let m(u) = -24*u**2 - 2508*u + 1408. Calculate m(-105).
148
Let l(r) = 180*r + 5159. Calculate l(-30).
-241
Let d(h) = -20*h**3 - 91*h**2 + 6*h - 25. Calculate d(-5).
170
Let y(x) = -2*x**2 + 7*x - 121. What is y(0)?
-121
Let s(q) = 3*q**3 - 4*q**2 + 946*q - 2872. Give s(3).
11
Let n(u) = 6*u**2 - 510*u - 59867. Determine n(-66).
-71
Let z(u) = -3341*u + 170386. Calculate z(51).
-5
Let s(v) = 2326*v - 67832. Calculate s(29).
-378
Let j(u) = -u**2 - 91*u - 1047. Give j(-14).
31
Let p(m) = m**3 + 60*m**2 + 644*m + 277. Calculate p(-46).
277
Let w(z) = z**3 - 65*z**2 - 1416*z + 94726. Give w(64).
6
Let o(p) = 2*p**2 + 3439*p - 755111. Give o(197).
-10
Let u(t) = -37499*t - 112487. Give u(-3).
10
Let u(c) = -40*c**3 - 9*c**2 - 15*c + 72. Give u(-4).
2548
Let m(z) = -z**3 - 147*z**2 - 615*z - 6108. Calculate m(-143).
41
Let l(a) = -9*a**3 + 104*a**2 + 8*a - 247. What is l(11)?
446
Let c(r) = -r**3 + 324*r**2 + 660*r - 2562. Calculate c(326).
46
Let a(w) = -w**3 + 293*w**2 - 12919*w + 113. What is a(54)?
-589
Let u(f) = f**2 - 1798*f + 267820. Give u(164).
-156
Let o(q) = -3*q**2 - 250*q - 525. Determine o(-81).
42
Let s(h) = -h**3 - 61*h**2 - 98*h - 2309. Determine s(-60).
-29
Let j(z) = -14849*z - 1573910. Calculate j(-106).
84
Let s(u) = 1415*u + 264604. Calculate s(-187).
-1
Let l(f) = 26427*f + 132132. What is l(-5)?
-3
Let a(v) = -83*v + 4128. What is a(50)?
-22
Let t(v) = 68532*v - 136839. Calculate t(2).
225
Let u(k) = 3*k**3 + 17*k**2 - 340*k + 62. Calculate u(-13).
764
Let f(k) = -3090*k**2 + 6111*k + 51. What is f(2)?
-87
Let k(o) = -605*o - 40886. Calculate k(-69).
859
Let n(d) = 2*d**3 - 6*d**2 - 54*d - 113. Give n(8).
95
Let w(r) = 2*r**2 + 15676*r + 31343. Give w(-2).
-1
Let r(n) = -2*n**2 + 19362*n - 1058870. Determine r(55).
-10
Let c(b) = -52003*b - 468058. Give c(-9).
-31
Let f(l) = 3187*l**2 - 12736*l - 39. What is f(4)?
9
Let n(o) = 63*o**3 - 101*o**2 - 85*o + 15. Determine n(-1).
-64
Let r(g) = -g**3 - 13*g**2 + 430*g + 4984. Determine r(-14).
-840
Let l(d) = 3514*d + 56275. Determine l(-16).
51
Let b(t) = -t**2 - 83*t + 13078. Determine b(80).
38
Let a(o) = -541*o**2 + 12428*o + 342. Determine a(23).
-3
Let f(t) = -t**3 + 6*t**2 + 1160*t - 394. Calculate f(0).
-394
Let v(k) = -8564*k + 51377. What is v(6)?
-7
Let o(n) = 104*n**3 + 33179*n**2 + 957*n + 18. What is o(-319)?
18
Let j(s) = -4150656*s - 4150646. Give j(-1).
10
Let j(d) = -2*d**3 - 444*d**2 - 878*d + 413. What is j(-220)?
-27
Let h(d) = -4*d**2 - 121*d - 1386. Give h(-12).
-510
Let j(y) = 10*y**2 + 2905*y + 171602. Give j(-208).
2
Let b(o) = 287731*o + 2877292. Give b(-10).
-18
Let p(o) = -o**3 + 33*o**2 + 53*o - 596. Determine p(11).
2649
Let j(b) = -17*b**3 - 64*b**2 + 74*b + 186. Determine j(-4).
-46
Let k(m) = 28721*m + 201030. Determine k(-7).
-17
Let z(c) = 2*c**3 - 292*c**2 - 1821*c - 451. Determine z(152).
5
Let v(w) = -w**3 - 8*w**2 + 24*w + 196. What is v(-5)?
1
Let t(d) = 46*d**2 + 11693*d - 9448. Give t(-255).
-13
Let l(g) = 9*g**2 + 716*g - 17312. Determine l(-99).
13
Let n(z) = -894*z**2 - 147519*z - 1482. Calculate n(-165).
3
Let j(x) = -267455*x - 2406990. What is j(-9)?
105
Let w(j) = 12*j**3 + 3771*j**2 + 967*j + 7850. What is w(-314)?
0
Let r(n) = -19*n**2 + 209*n - 101. Determine r(10).
89
Let b(j) = 518*j**2 - 699*j + 61. What is b(4)?
5553
Let j(u) = -5*u**3 + 223*u**2 - 415*u + 3066. Calculate j(43).
13
Let u(l) = -1012*l + 93082. Determine u(92).
-22
Let v(s) = 80*s**3 - 173*s**2 + 20*s + 4. Give v(2).
-8
Let h(g) = -293719*g + 2056041. Determine h(7).
8
Let f(u) = 2*u**3 - 277*u**2 - 2463*u - 5303. Determine f(147).
-11
Let k(d) = -d**3 + 16*d**2 + 33*d - 131. What is k(15)?
589
Let t(r) = -5*r**2 + 4482*r - 26906. Determine t(6).
-194
Let t(z) = -z**3 - 11*z**2 - 5*z - 943. Give t(0).
-943
Let y(g) = 1026996*g + 8215974. Determine y(-8).
6
Let v(q) = 71257*q + 1852676. Determine v(-26).
-6
Let w(d) = d**2 + 3909*d + 150938. Calculate w(-39).
8
Let p(g) = 170*g**2 + 221*g + 219. What is p(-1)?
168
Let h(u) = 2*u**3 + 122*u**2 - 3132*u - 191284. Give h(-61).
-232
Let r(k) = -k**3 + 13*k**2 - 41*k - 61. Give r(10).
-171
Let h(p) = -23982*p + 168286. Calculate h(7).
412
Let h(q) = 3059*q - 29917. What is h(9)?
-2386
Let s(x) = 3*x**3 + 4*x**2 - 1290*x - 10432. Determine s(-8).
-1392
Let i(k) = 7*k**3 + 10*k**2 - 88*k + 44. Calculate i(4).
300
Let l(a) = 4*a**3 - 8*a**2 - 7752*a + 530. What is l(45)?
-10
Let m(r) = 270*r**2 + 88022*r + 637. What is m(-326)?
-15
Let b(s) = 8664*s + 155943. Calculate b(-18).
-9
Let r(q) = q**3 + 20*q**2 - 585*q - 9863. What is r(-15)?
37
Let x(w) = 1494592*w + 50816128. Determine x(-34).
0
Let z(c) = -10*c**2 - 1295*c - 261